{"id":13243,"date":"2026-03-04T06:30:36","date_gmt":"2026-03-04T11:30:36","guid":{"rendered":"https:\/\/parisbaguette.ca\/product\/gluten-free-vegan-coffee-cake-mini-loaf\/"},"modified":"2026-03-16T11:15:04","modified_gmt":"2026-03-16T15:15:04","slug":"gluten-free-vegan-coffee-cake-mini-loaf","status":"publish","type":"menu_items","link":"https:\/\/parisbaguette.ca\/fr\/product\/gluten-free-vegan-coffee-cake-mini-loaf\/","title":{"rendered":"Mini g\u00e2teau au caf\u00e9 v\u00e9g\u00e9talien sans gluten"},"content":{"rendered":"<p>G\u00e2teau au caf\u00e9 v\u00e9g\u00e9talien sans gluten avec un crumble \u00e0 la cannelle<\/p>","protected":false},"featured_media":13244,"template":"","menu_categories":[414],"class_list":{"0":"post-13243","1":"menu_items","2":"type-menu_items","3":"status-publish","4":"has-post-thumbnail","6":"menu_categories-grab-go","7":"entry"},"acf":[],"_links":{"self":[{"href":"https:\/\/parisbaguette.ca\/fr\/wp-json\/wp\/v2\/menu_items\/13243","targetHints":{"allow":["GET"]}}],"collection":[{"href":"https:\/\/parisbaguette.ca\/fr\/wp-json\/wp\/v2\/menu_items"}],"about":[{"href":"https:\/\/parisbaguette.ca\/fr\/wp-json\/wp\/v2\/types\/menu_items"}],"wp:featuredmedia":[{"embeddable":true,"href":"https:\/\/parisbaguette.ca\/fr\/wp-json\/wp\/v2\/media\/13244"}],"wp:attachment":[{"href":"https:\/\/parisbaguette.ca\/fr\/wp-json\/wp\/v2\/media?parent=13243"}],"wp:term":[{"taxonomy":"menu_categories","embeddable":true,"href":"https:\/\/parisbaguette.ca\/fr\/wp-json\/wp\/v2\/menu_categories?post=13243"}],"curies":[{"name":"wp","href":"https:\/\/api.w.org\/{rel}","templated":true}]}}

Mini gâteau au café végétalien sans gluten

<p>Gâteau au café végétalien sans gluten avec un crumble à la cannelle</p>
